Let c(i) = 23*i + 84. Determine c(-12).
-192
Let h(v) = -84*v - 1285. What is h(-15)?
-25
Let l(d) = d**3 + 8*d**2 + 3*d - 25. What is l(-4)?
27
Let k(t) = -t**2 - 47*t - 128. Determine k(-22).
422
Let b(l) = -24*l + 138. What is b(6)?
-6
Let x(i) = -i**2 - 17*i + 903. Give x(-42).
-147
Let t(c) = -1421*c + 1434. Give t(1).
13
Let n(j) = -659*j - 5146. What is n(-8)?
126
Let g(y) = -671*y**2 - 2012*y + 4. Give g(-3).
1
Let s(k) = 60*k**2 + 7*k + 24. What is s(-2)?
250
Let d(x) = -150*x + 35. What is d(-1)?
185
Let k(r) = 2*r**2 + 2*r - 270. Give k(14).
150
Let j(b) = b**3 - 6*b**2 - 2*b + 39. Calculate j(4).
-1
Let z(v) = v**3 - 51*v**2 + 48*v + 94. Calculate z(50).
-6
Let z(s) = -9*s**2 - 410*s - 235. Calculate z(-45).
-10
Let x(j) = -250*j**3 + 2*j**2 + 5*j + 4. Calculate x(-1).
251
Let n(o) = -o**2 - 159*o + 1029. Give n(-166).
-133
Let p(n) = -374*n + 59462. Determine p(159).
-4
Let y(v) = v**3 + 51*v**2 - 166*v - 178. Calculate y(-54).
38
Let c(h) = h**3 - 39*h**2 + 18*h - 696. Determine c(39).
6
Let k(l) = -l**3 + 2*l**2 + 42*l + 24. Give k(-5).
-11
Let f(t) = t**3 - 5*t**2 - 74*t - 35. Give f(-6).
13
Let z(k) = k**3 - 88*k**2 + 108*k - 1938. What is z(87)?
-111
Let q(v) = -v**3 + 14*v**2 - 56*v + 165. What is q(6)?
117
Let x(b) = -b**3 - 16*b**2 + 32*b - 103. Give x(-18).
-31
Let o(l) = 46*l**2 - 26*l + 27. Determine o(1).
47
Let d(z) = -145*z + 5962. Give d(41).
17
Let l(z) = 2*z**2 - 40*z + 116. Calculate l(16).
-12
Let o(c) = -c**3 - 48*c**2 + 45*c - 174. Give o(-49).
22
Let c(q) = q**3 - 24*q**2 - 10*q + 250. Determine c(24).
10
Let o(z) = 71*z - 674. What is o(6)?
-248
Let v(g) = -242*g + 9674. Give v(40).
-6
Let p(s) = -5*s**2 + 4*s - 7. Determine p(1).
-8
Let z(d) = -7*d**3 - 523*d**2 - 363*d + 513. What is z(-74)?
-5
Let v(y) = -y**2 - 6*y + 71. Calculate v(-11).
16
Let b(i) = -i**3 - 2*i**2 + 33*i - 15. Calculate b(-7).
-1
Let r(g) = -g**2 + 24*g + 1542. Determine r(53).
5
Let w(f) = -37*f - 94. Determine w(-12).
350
Let f(c) = -c**2 + 17*c + 138. Calculate f(29).
-210
Let b(p) = -12*p + 25. What is b(7)?
-59
Let t(c) = 6*c**2 + 101*c + 33. Calculate t(-17).
50
Let w(t) = 8*t**3 + 41*t**2 + 17*t + 2. Determine w(-5).
-58
Let g(h) = -h**3 + 144*h**2 + 112*h + 4763. What is g(145)?
-22
Let t(p) = -34*p - 5841. Determine t(-172).
7
Let w(y) = y**3 + 5*y**2 + 3*y - 4. Determine w(-3).
5
Let g(v) = -258*v + 1. What is g(0)?
1
Let v(u) = -u**2 + 37*u - 294. Give v(23).
28
Let w(s) = 3*s**3 + 3*s**2 - 8*s + 15. Calculate w(-3).
-15
Let j(s) = 2*s**2 + 97*s + 988. Give j(-19).
-133
Let b(f) = 18*f**3 - 638*f + 638. Give b(1).
18
Let o(m) = -345*m - 2422. Calculate o(-7).
-7
Let p(r) = -153*r**2 - 3*r + 4. Give p(1).
-152
Let y(b) = b**3 - 30*b**2 - 210*b - 199. Give y(36).
17
Let z(o) = -o**2 + 185*o - 1749. Calculate z(10).
1
Let k(w) = -44*w**2 - 574*w + 1153. Determine k(2).
-171
Let g(t) = 4*t**2 - 7*t + 161. Calculate g(0).
161
Let r(y) = -8*y**2 + 420*y + 1280. Give r(-3).
-52
Let h(s) = -102*s + 580. Determine h(6).
-32
Let l(q) = 29*q - 401. Determine l(5).
-256
Let v(n) = -n**3 + 2*n**2 + 6*n - 43. Give v(0).
-43
Let j(m) = -5*m**3 - 2*m**2 - 4*m - 25. Calculate j(-3).
104
Let w(n) = n**3 + 4*n**2 + 15*n + 14. Give w(-7).
-238
Let q(m) = -3*m**2 - 23*m - 165. What is q(-7)?
-151
Let w(t) = 7586*t - 37939. Determine w(5).
-9
Let k(l) = -l**3 + 28*l**2 - 152*l - 10. Determine k(21).
-115
Let s(z) = 5*z**2 + 402*z + 761. Calculate s(-78).
-175
Let k(r) = -81*r**2 - 10*r + 14. Give k(2).
-330
Let n(v) = 22*v - 6. Give n(-5).
-116
Let k(h) = -8*h**3 - 56*h**2 + 8*h + 21. Give k(-7).
-35
Let o(a) = -a + 235. Determine o(-50).
285
Let k(l) = 7*l**2 + 202*l - 58. Give k(-29).
-29
Let r(q) = -q**2 + 29*q - 179. Determine r(21).
-11
Let c(n) = 9*n**2 + 40*n + 71. Give c(-2).
27
Let m(c) = c**2 + 57*c + 525. Determine m(-44).
-47
Let x(w) = 294*w - 1470. Calculate x(5).
0
Let n(y) = y**3 - 15*y**2 + 65*y - 66. Calculate n(5).
9
Let k(d) = 35*d**2 - 8226*d + 240. Calculate k(235).
5
Let l(d) = 8*d - 114. Give l(15).
6
Let u(r) = r**3 - 37*r**2 + 74*r + 7. Give u(35).
147
Let l(y) = -157*y + 6746. Determine l(43).
-5
Let g(u) = -6*u + 183. Give g(31).
-3
Let v(t) = 14*t**2 - 262*t - 63. Give v(19).
13
Let k(a) = -4038*a - 72678. Determine k(-18).
6
Let m(y) = 843*y + 3317. What is m(-4)?
-55
Let y(g) = -738*g + 25829. What is y(35)?
-1
Let d(u) = -u**2 - 36*u - 232. What is d(-27)?
11
Let m(k) = 34*k**3 - 96*k**2 - 16*k - 13. What is m(3)?
-7
Let i(g) = g**2 + 90*g + 733. Give i(-9).
4
Let t(z) = 11*z**2 + 21*z - 117. Give t(2).
-31
Let d(x) = x**2 - 20*x + 64. What is d(9)?
-35
Let y(w) = 14*w**2 - 19*w + 9. Determine y(1).
4
Let f(h) = 3*h - 384. Determine f(34).
-282
Let p(c) = 4*c + 186. Give p(-45).
6
Let y(o) = 9*o + 335. What is y(-40)?
-25
Let m(q) = -2*q**2 - 464*q - 7. What is m(0)?
-7
Let k(g) = 50*g - 5727. Determine k(115).
23
Let h(f) = -3*f**3 - f**2 - 38*f - 38. Determine h(-1).
2
Let p(x) = -2*x**3 - 16*x**2 + 59*x + 505. Determine p(-7).
-6
Let j(n) = 6*n**2 - 51*n + 96. What is j(4)?
-12
Let h(l) = 2*l**3 - 19*l**2 + 39*l - 7. Give h(6).
-25
Let j(a) = -a**3 - 5*a**2 + 47*a + 83. Calculate j(-7).
-148
Let k(u) = 325*u + 635. Give k(-2).
-15
Let x(c) = -300*c - 8097. Give x(-27).
3
Let t(m) = 272*m + 5704. What is t(-21)?
-8
Let p(v) = -v - 27. Give p(-5).
-22
Let b(u) = -2*u**3 + 44*u**2 + 434*u - 818. Determine b(29).
-6
Let k(t) = -2*t**2 - 26*t - 205. Determine k(-17).
-341
Let m(q) = q**2 + 59*q - 286. Determine m(-62).
-100
Let c(x) = 21*x**2 - 5*x - 3. Determine c(-1).
23
Let s(c) = c**3 - 19*c**2 - 35*c - 4. Determine s(-2).
-18
Let v(b) = b**2 + 2*b + 24. Calculate v(-7).
59
Let u(r) = -497*r - 19409. Give u(-39).
-26
Let c(x) = -x**2 - 29*x + 1318. Calculate c(-54).
-32
Let h(l) = 18*l**2 - 84*l + 1. What is h(4)?
-47
Let t(k) = -8*k**2 + 154*k + 474. What is t(22)?
-10
Let m(o) = 6*o**3 + 467*o**2 - 53*o + 1954. Give m(-78).
4
Let g(n) = -19*n + 494. Determine g(31).
-95
Let t(l) = 6*l**2 + 11*l + 23. Give t(-2).
25
Let p(n) = -123*n + 30. Give p(-4).
522
Let q(n) = -2*n**3 + 28*n**2 - 66*n + 10. Give q(11).
10
Let g(j) = -j**2 - 22*j + 188. Give g(-29).
-15
Let m(j) = -j**3 + 56*j**2 - j + 53. What is m(56)?
-3
Let x(y) = -y**3 - 12*y**2 - 30*y - 280. Determine x(-12).
80
Let y(z) = -3*z**2 - 202*z + 1476. What is y(-74)?
-4
Let s(r) = -3*r**2 - 31*r + 137. Determine s(-17).
-203
Let f(y) = -5372*y + 209513. Give f(39).
5
Let c(i) = -586*i + 6. Calculate c(-1).
592
Let f(l) = -57*l**2 + 1770*l - 12. What is f(31)?
81
Let n(s) = -249*s + 6498. What is n(26)?
24
Let i(v) = 412*v - 2045. What is i(5)?
15
Let s(v) = 100*v - 25. What is s(3)?
275
Let a(d) = -472*d + 16540. Calculate a(35).
20
Let l(p) = 752*p - 6099. Calculate l(8).
-83
Let y(h) = -h**2 + 80*h + 436. Give y(-5).
11
Let m(i) = i**3 + 20*i**2 + 47*i + 29. What is m(-13)?
601
Let c(o) = o**3 + 21*o**2 + 39*o + 373. What is c(-20)?
-7
Let h(q) = -q**2 + 27*q - 158. Give h(9).
4
Let x(s) = -78*s - 1429. What is x(-18)?
-25
Let r(n) = -9*n**2 - 8*n - 11. What is r(-2)?
-31
Let p(s) = -112*s**2 - 29454*s + 526. What is p(-263)?
0
Let b(s) = 7*s**2 + 20*s - 8. Calculate b(0).
-8
Let b(p) = -126*p - 97. Calculate b(2).
-349
Let f(d) = -d**2 - 39*d + 13. Determine f(-31).
261
Let f(m) = -6*m**2 + 5*m + 256. Determine f(7).
-3
Let j(f) = -2*f**2 + 117*f - 69. What is j(58)?
-11
Let d(m) = -m**2 + 11*m - 5. Calculate d(7).
23
Let l(r) = 5*r**3 - 7*r**2 + 13*r - 68. What is l(4)?
192
Let i(o) = -o**2 + 8*o + 488. Calculate i(-18).
20
Let c(j) = 2*j**3 - 98*j**2 - 211*j. What is c(51)?
-357
Let j(c) = -11*c - 159. What is j(-14)?
-5
Let m(z) = -2*z**2 + 102*z - 688. What is m(44)?
-72
Let m(b) = 168*b + 6890. Calculate m(-41).
2
Let p(j) = 407*j**3 - 6*j**2 - 8*j. Give p(-1).
-405
Let a(s) = -s**3 - 44*s**2 + 195*s - 49. Determine a(-48).
-193
Let l(q) = -60*q + 1145. What is l(19)?
5
Let r(a) = -84*a - 646. Determine r(-8).
26
Let r(s) = -39*s + 233. What is r(6)?
-1
Let x(n) = n**2 - 17*n + 17. Calculate x(16).
1
Let s(j) = 12*j + 1080. What is s(-43)?
564
Let k(l) = 7*l**2 - 231*l + 452. What is k(31)?
18
Let r(a) = -3856*a + 46269. Calculate r(12).
-3
Let d(b) = -9*b**2 - 877*b - 1220. Determine d(-96).
28
Let o(v) = v**3 - 49*v**2 - 51*v + 49. Determin